{"id":3089,"date":"2018-09-20T14:19:18","date_gmt":"2018-09-20T12:19:18","guid":{"rendered":"http:\/\/www.zsa.edu.pl\/?page_id=3089"},"modified":"2024-09-07T13:58:10","modified_gmt":"2024-09-07T11:58:10","slug":"rodo","status":"publish","type":"page","link":"https:\/\/www.zsa.edu.pl\/?page_id=3089","title":{"rendered":"RODO"},"content":{"rendered":"\n<p><img loading=\"lazy\" decoding=\"async\" class=\"alignnone wp-image-9283 size-full\" src=\"http:\/\/www.zsa.edu.pl\/wp-content\/uploads\/2022\/04\/RODO-2.png\" alt=\"\" width=\"1000\" height=\"250\" srcset=\"https:\/\/www.zsa.edu.pl\/wp-content\/uploads\/2022\/04\/RODO-2.png 1000w, https:\/\/www.zsa.edu.pl\/wp-content\/uploads\/2022\/04\/RODO-2-300x75.png 300w, https:\/\/www.zsa.edu.pl\/wp-content\/uploads\/2022\/04\/RODO-2-768x192.png 768w\" sizes=\"auto, (max-width: 1000px) 100vw, 1000px\" \/><\/p>\n\n\n<p><strong><em><u>Informacje dotycz\u0105ce przetwarzania danych<\/u><\/em><\/strong><\/p>\n<ol>\n<li>Administratorem danych osobowych jest: Zesp\u00f3\u0142 Szk\u00f3\u0142 Mundurowych, 76-200 S\u0142upsk, ul. Wojska Polskiego 46\/47, email: sekretariat@zas.edu.pl,&nbsp; &nbsp; tel. (59) 72 20 060<\/li>\n<li>W sprawach zwi\u0105zanych z przetwarzaniem danych osobowych mog\u0105 Pa\u0144stwo kontaktowa\u0107 si\u0119 z Inspektorem Ochrony Danych pod adresem w.lesner@wp.pl.<\/li>\n<li>Dane przetwarzane b\u0119d\u0105 na podstawie art. 6 ust. 1 lit. c) RODO&nbsp; w zwi\u0105zku z przepisami Prawa o\u015bwiatowego (Dz.U. 2018 poz. 996&nbsp; ze zm.),&nbsp; &nbsp; &nbsp; &nbsp; &nbsp; &nbsp; w tym w szczeg\u00f3lno\u015bci Rozporz\u0105dzenia MEN z dnia 25 sierpnia 2017 r. (Dz.U. 2017 poz. 1646).<\/li>\n<li>Dane b\u0119d\u0105 przetwarzane w celu realizacji statutowej dzia\u0142alno\u015bci szko\u0142y, w tym w celu umo\u017cliwienia korzystania, z systemu dziennika elektronicznego.<\/li>\n<li>Odbiorcami danych mog\u0105 by\u0107 podmioty realizuj\u0105ce dla szko\u0142y us\u0142ugi wspieraj\u0105ce jej statutow\u0105 dzia\u0142alno\u015b\u0107, kt\u00f3re przetwarzaj\u0105 dane w imieniu szko\u0142y jako ich administratora. Przyk\u0142adem takiego podmiotu jest dostawca systemu dziennika elektronicznego.<\/li>\n<li>Dane nie b\u0119d\u0105 przekazywane do pa\u0144stwa trzeciego ani do organizacji mi\u0119dzynarodowej.<\/li>\n<li>Dane b\u0119d\u0105 przetwarzane do czasu ucz\u0119szczania ucznia do szko\u0142y, a nast\u0119pnie przez okres archiwizowania danych dziennik\u00f3w lekcyjnych, zgodnie z obowi\u0105zuj\u0105cymi w szkole regulacjami dotycz\u0105cymi archiwizacji (zazwyczaj 5 lat od zako\u0144czenia roku szkolnego, w kt\u00f3rym ucze\u0144 opu\u015bci\u0142 szko\u0142\u0119).<\/li>\n<li>Podanie danych jest obowi\u0105zkowe, obowi\u0105zek ten wynika z przepisu 8 ust 2 Rozporz\u0105dzenia MEN z dnia 25 sierpnia 2017&nbsp;r. (Dz.U. 2017 poz. 1646).<\/li>\n<li>Zgodnie z przepisami RODO przys\u0142uguje Pa\u0144stwu prawo:\n<ol>\n<li>dost\u0119pu do swoich danych oraz otrzymania ich kopii,<\/li>\n<li>do sprostowania (poprawiania) swoich danych,<\/li>\n<li>do ograniczenia przetwarzania danych,<\/li>\n<li>do wniesienia skargi do Prezesa Urz\u0119du Ochrony Danych Osobowych.<\/li>\n<\/ol>\n<\/li>\n<\/ol>","protected":false},"excerpt":{"rendered":"<p>Informacje dotycz\u0105ce przetwarzania danych Administratorem danych osobowych jest: Zesp\u00f3\u0142 Szk\u00f3\u0142 Mundurowych, 76-200 S\u0142upsk, ul. Wojska Polskiego 46\/47, email: sekretariat@zas.edu.pl,&nbsp; &nbsp; tel. (59) 72 20 060 W sprawach zwi\u0105zanych z przetwarzaniem danych osobowych mog\u0105 Pa\u0144stwo kontaktowa\u0107 si\u0119 z Inspektorem Ochrony Danych pod adresem w.lesner@wp.pl. Dane przetwarzane b\u0119d\u0105 na podstawie art. 6 ust. 1 lit. c) RODO&nbsp; &hellip;<\/p>\n<p class=\"read-more\"> <a class=\"\" href=\"https:\/\/www.zsa.edu.pl\/?page_id=3089\"> <span class=\"screen-reader-text\">RODO<\/span> Read More &raquo;<\/a><\/p>\n","protected":false},"author":2,"featured_media":0,"parent":0,"menu_order":0,"comment_status":"closed","ping_status":"closed","template":"","meta":{"site-sidebar-layout":"default","site-content-layout":"plain-container","ast-main-header-display":"disabled","ast-hfb-above-header-display":"","ast-hfb-below-header-display":"","ast-hfb-mobile-header-display":"","site-post-title":"disabled","ast-breadcrumbs-content":"","ast-featured-img":"","footer-sml-layout":"","theme-transparent-header-meta":"","adv-header-id-meta":"","stick-header-meta":"","header-above-stick-meta":"","header-main-stick-meta":"","header-below-stick-meta":"","ngg_post_thumbnail":0,"footnotes":""},"class_list":["post-3089","page","type-page","status-publish","hentry"],"_links":{"self":[{"href":"https:\/\/www.zsa.edu.pl\/index.php?rest_route=\/wp\/v2\/pages\/3089","targetHints":{"allow":["GET"]}}],"collection":[{"href":"https:\/\/www.zsa.edu.pl\/index.php?rest_route=\/wp\/v2\/pages"}],"about":[{"href":"https:\/\/www.zsa.edu.pl\/index.php?rest_route=\/wp\/v2\/types\/page"}],"author":[{"embeddable":true,"href":"https:\/\/www.zsa.edu.pl\/index.php?rest_route=\/wp\/v2\/users\/2"}],"replies":[{"embeddable":true,"href":"https:\/\/www.zsa.edu.pl\/index.php?rest_route=%2Fwp%2Fv2%2Fcomments&post=3089"}],"version-history":[{"count":7,"href":"https:\/\/www.zsa.edu.pl\/index.php?rest_route=\/wp\/v2\/pages\/3089\/revisions"}],"predecessor-version":[{"id":16767,"href":"https:\/\/www.zsa.edu.pl\/index.php?rest_route=\/wp\/v2\/pages\/3089\/revisions\/16767"}],"wp:attachment":[{"href":"https:\/\/www.zsa.edu.pl\/index.php?rest_route=%2Fwp%2Fv2%2Fmedia&parent=3089"}],"curies":[{"name":"wp","href":"https:\/\/api.w.org\/{rel}","templated":true}]}}