{"id":195,"date":"2017-11-18T23:15:19","date_gmt":"2017-11-18T22:15:19","guid":{"rendered":"http:\/\/www.beta.zsa.edu.pl\/?page_id=195"},"modified":"2025-08-01T15:13:34","modified_gmt":"2025-08-01T13:13:34","slug":"zajecia-pozalekcyjne","status":"publish","type":"page","link":"https:\/\/www.zsa.edu.pl\/?page_id=195","title":{"rendered":"Podr\u0119czniki"},"content":{"rendered":"\n<p><img loading=\"lazy\" decoding=\"async\" class=\"alignnone wp-image-8916 size-full\" src=\"http:\/\/www.zsa.edu.pl\/wp-content\/uploads\/2022\/03\/PODRECZNIKI-2.png\" alt=\"\" width=\"1000\" height=\"250\" srcset=\"https:\/\/www.zsa.edu.pl\/wp-content\/uploads\/2022\/03\/PODRECZNIKI-2.png 1000w, https:\/\/www.zsa.edu.pl\/wp-content\/uploads\/2022\/03\/PODRECZNIKI-2-300x75.png 300w, https:\/\/www.zsa.edu.pl\/wp-content\/uploads\/2022\/03\/PODRECZNIKI-2-768x192.png 768w\" sizes=\"auto, (max-width: 1000px) 100vw, 1000px\" \/><\/p>\n\n\n<h3 style=\"text-align: center;\"><span style=\"color: #141832;\"><strong>Podr\u0119czniki na rok szkolny 2025\/2026<\/strong><\/span><\/h3>\n<p style=\"text-align: center;\"><strong>WOJSKOWE LICEUM OG\u00d3LNOKSZTA\u0141C\u0104CE &#8211; ODDZIA\u0141 PRZYGOTOWANIA WOJSKOWEGO (OPW)<\/strong><\/p>\n<p style=\"text-align: center;\"><strong><a href=\"http:\/\/www.zsa.edu.pl\/wp-content\/uploads\/2025\/07\/WLO-KL-1-OPW-JN.pdf\" target=\"_blank\" rel=\"noopener\">KLASA I<\/a><\/strong><\/p>\n<p style=\"text-align: center;\"><strong><a href=\"http:\/\/www.zsa.edu.pl\/wp-content\/uploads\/2025\/08\/WLO-KL-2-OPW.pdf\" target=\"_blank\" rel=\"noopener\">KLASA II<\/a><\/strong><\/p>\n<p style=\"text-align: center;\"><strong><a href=\"http:\/\/www.zsa.edu.pl\/wp-content\/uploads\/2025\/07\/WLO-Kl-3-OPW.pdf\" target=\"_blank\" rel=\"noopener\">KLASA III<\/a><\/strong><\/p>\n<p style=\"text-align: center;\"><strong>WOJSKOWE LICEUM OG\u00d3LNOKSZTA\u0141C\u0104CE<\/strong><\/p>\n<p style=\"text-align: center;\"><strong><a href=\"http:\/\/www.zsa.edu.pl\/wp-content\/uploads\/2025\/07\/WLO-Kl-3-OGOLNODOSTEPNA.pdf\" target=\"_blank\" rel=\"noopener\">KLASA III<\/a><\/strong><\/p>\n<p style=\"text-align: center;\"><strong><a href=\"http:\/\/www.zsa.edu.pl\/wp-content\/uploads\/2025\/07\/WLO-Kl-4.pdf\" target=\"_blank\" rel=\"noopener\">KLASA IV<\/a><\/strong><\/p>\n<p style=\"text-align: center;\"><strong>POLICYJNE LICEUM OG\u00d3LNOKSZTA\u0141C\u0104CE NR 1<\/strong><\/p>\n<p style=\"text-align: center;\"><strong><a href=\"http:\/\/www.zsa.edu.pl\/wp-content\/uploads\/2025\/07\/PLO-KL-1-JN.pdf\" target=\"_blank\" rel=\"noopener\">KLASA I<\/a><\/strong><\/p>\n<p style=\"text-align: center;\"><strong><a href=\"http:\/\/www.zsa.edu.pl\/wp-content\/uploads\/2025\/07\/PLO-Kl-3.pdf\" target=\"_blank\" rel=\"noopener\">KLASA III<\/a><\/strong><\/p>\n<p style=\"text-align: center;\"><strong><a href=\"http:\/\/www.zsa.edu.pl\/wp-content\/uploads\/2025\/07\/PLO-Kl-4.pdf\" target=\"_blank\" rel=\"noopener\">KLASA IV<\/a><\/strong><\/p>\n<p style=\"text-align: center;\"><strong>LICEUM OG\u00d3LNOKSZTA\u0141C\u0104CE STRA\u017bY GRANICZNEJ I STRA\u017bY PO\u017bARNEJ&nbsp;<\/strong><\/p>\n<p style=\"text-align: center;\"><strong><a href=\"http:\/\/www.zsa.edu.pl\/wp-content\/uploads\/2025\/07\/LOSGISP-KL-1-JN.pdf\" target=\"_blank\" rel=\"noopener\">KLASA I<\/a><\/strong><\/p>\n<p style=\"text-align: center;\"><strong><a href=\"http:\/\/www.zsa.edu.pl\/wp-content\/uploads\/2025\/07\/LOSGISP-Kl-3.pdf\" target=\"_blank\" rel=\"noopener\">KLASA III<\/a><\/strong><\/p>\n<p style=\"text-align: center;\"><strong><a href=\"http:\/\/www.zsa.edu.pl\/wp-content\/uploads\/2025\/07\/LOSGISP-Kl-4-2.pdf\" target=\"_blank\" rel=\"noopener\">KLASA IV<\/a><\/strong><\/p>\n<p style=\"text-align: center;\">&nbsp;<\/p>","protected":false},"excerpt":{"rendered":"<p>Podr\u0119czniki na rok szkolny 2025\/2026 WOJSKOWE LICEUM OG\u00d3LNOKSZTA\u0141C\u0104CE &#8211; ODDZIA\u0141 PRZYGOTOWANIA WOJSKOWEGO (OPW) KLASA I KLASA II KLASA III WOJSKOWE LICEUM OG\u00d3LNOKSZTA\u0141C\u0104CE KLASA III KLASA IV POLICYJNE LICEUM OG\u00d3LNOKSZTA\u0141C\u0104CE NR 1 KLASA I KLASA III KLASA IV LICEUM OG\u00d3LNOKSZTA\u0141C\u0104CE STRA\u017bY GRANICZNEJ I STRA\u017bY PO\u017bARNEJ&nbsp; KLASA I KLASA III KLASA IV &nbsp;<\/p>\n","protected":false},"author":1,"featured_media":0,"parent":0,"menu_order":0,"comment_status":"closed","ping_status":"closed","template":"","meta":{"site-sidebar-layout":"default","site-content-layout":"plain-container","ast-main-header-display":"","ast-hfb-above-header-display":"","ast-hfb-below-header-display":"","ast-hfb-mobile-header-display":"","site-post-title":"disabled","ast-breadcrumbs-content":"","ast-featured-img":"","footer-sml-layout":"","theme-transparent-header-meta":"","adv-header-id-meta":"","stick-header-meta":"","header-above-stick-meta":"","header-main-stick-meta":"","header-below-stick-meta":"","ngg_post_thumbnail":0,"footnotes":""},"class_list":["post-195","page","type-page","status-publish","hentry"],"_links":{"self":[{"href":"https:\/\/www.zsa.edu.pl\/index.php?rest_route=\/wp\/v2\/pages\/195","targetHints":{"allow":["GET"]}}],"collection":[{"href":"https:\/\/www.zsa.edu.pl\/index.php?rest_route=\/wp\/v2\/pages"}],"about":[{"href":"https:\/\/www.zsa.edu.pl\/index.php?rest_route=\/wp\/v2\/types\/page"}],"author":[{"embeddable":true,"href":"https:\/\/www.zsa.edu.pl\/index.php?rest_route=\/wp\/v2\/users\/1"}],"replies":[{"embeddable":true,"href":"https:\/\/www.zsa.edu.pl\/index.php?rest_route=%2Fwp%2Fv2%2Fcomments&post=195"}],"version-history":[{"count":49,"href":"https:\/\/www.zsa.edu.pl\/index.php?rest_route=\/wp\/v2\/pages\/195\/revisions"}],"predecessor-version":[{"id":19069,"href":"https:\/\/www.zsa.edu.pl\/index.php?rest_route=\/wp\/v2\/pages\/195\/revisions\/19069"}],"wp:attachment":[{"href":"https:\/\/www.zsa.edu.pl\/index.php?rest_route=%2Fwp%2Fv2%2Fmedia&parent=195"}],"curies":[{"name":"wp","href":"https:\/\/api.w.org\/{rel}","templated":true}]}}